{"id":628,"date":"2015-03-03T08:22:48","date_gmt":"2015-03-03T08:22:48","guid":{"rendered":"http:\/\/demo.oceanthemes.net\/pallas\/?page_id=628"},"modified":"2023-02-27T17:46:02","modified_gmt":"2023-02-27T23:46:02","slug":"home-background-slider","status":"publish","type":"page","link":"https:\/\/www.novellroad.org\/","title":{"rendered":"Home Background Slider"},"content":{"rendered":"<p>[vc_row door=&#8221;no&#8221;][vc_column]\t\n\t<div class=\"home-top-slider\" id=\"slider-wrap\">\t\t\t\n\t\t<div id=\"wrapper-slider\">\n\t\t\t<div id=\"controls\">\n\t\t\t\t<div class=\"prev\"><\/div>\n\t\t\t\t<div class=\"next\"><\/div>\n\t\t\t<\/div>\n\t\t<\/div>\n\t\t<div class=\"cd-intro\">\n\t\t\t<h1>SOLUCIONES INTELIGENTES PARA <b>OBRAS<\/b> M\u00c1S HUMANAS<\/h1>\t\t<\/div>\n\t\t<div class=\"small-text\">- Experiencia en ingenier\u00eda aplicada -<\/div>\t\t<a href=\"#scroll-link\" class=\"scroll scroll-down\"><\/a>\n\t<\/div>\n\n\t<script type=\"text\/javascript\">\n\t\t(function($) { \"use strict\";\n\t\t\t\/\/Home Background Slider\n            $.mbBgndGallery.buildGallery({\n                containment:\"#slider-wrap\",\n                timer:2000,\n                effTimer:4000,\n                controls:\"#controls\",\n                grayScale:false,\n                shuffle:true,\n                preserveWidth:false,\n                effect:\"zoom\",               \n                images:[\n                                 \t\"https:\/\/www.novellroad.org\/wp-content\/uploads\/2021\/04\/1377654-2-SI-1.jpg\",\n                                 \t\"https:\/\/www.novellroad.org\/wp-content\/uploads\/2021\/04\/1377689-2-SI-1.jpg\",\n                                 \t\"https:\/\/www.novellroad.org\/wp-content\/uploads\/2021\/04\/1377691-2-SI-1.jpg\",\n                                 \t\"https:\/\/www.novellroad.org\/wp-content\/uploads\/2021\/04\/1388027-SI-1.jpg\",\n                                 \t\"https:\/\/www.novellroad.org\/wp-content\/uploads\/2021\/04\/1377739-2-SI.jpg\",\n                                ],\n\n                onStart:function(){},\n                onPause:function(){},\n                onPlay:function(opt){},\n                onChange:function(opt,idx){},\n                onNext:function(opt){},\n                onPrev:function(opt){}\n            });\n\t\t})(jQuery); \n\t<\/script>\n\n[\/vc_column][\/vc_row][vc_row][vc_column][vc_raw_html]JTNDZGl2JTIwY2xhc3MlM0QlMjIlMjIlM0UlM0NkaXYlMjBjbGFzcyUzRCUyMmNkLWJsb2NrJTIyJTIwc3R5bGUlM0QlMjJ0cmFuc2Zvcm0lM0ElMjBzY2FsZSUyODAuOTk3MSUyOSUzQiUyMG9wYWNpdHklM0ElMjAwLjk5MDM0JTNCJTIyJTNFJTNDZGl2JTIwY2xhc3MlM0QlMjJ3cGJfY29sdW1uJTIwdmNfY29sdW1uX2NvbnRhaW5lciUyMHNpeHRlZW4lMjBjb2x1bW5zJTIyJTNFJTNDZGl2JTIwY2xhc3MlM0QlMjIlMjIlM0UlM0NkaXYlMjBjbGFzcyUzRCUyMndwYl93cmFwcGVyJTIwJTIyJTNFJTA5JTBBJTA5JTNDZGl2JTIwY2xhc3MlM0QlMjJjZC1oYWxmLWJsb2NrJTIyJTIwc3R5bGUlM0QlMjJ0cmFuc2Zvcm0lM0ElMjB0cmFuc2xhdGVYJTI4MHB4JTI5JTNCJTIwYm94LXNoYWRvdyUzQSUyMHJnYmElMjgwJTJDJTIwMCUyQyUyMDAlMkMlMjAwJTI5JTIwMHB4JTIwMHB4JTIwNDBweCUzQiUyMiUzRSUwQSUwOSUwOSUzQ2RpdiUyMGNsYXNzJTNEJTIyYmctYmxvY2slMjIlMjBzdHlsZSUzRCUyMmJhY2tncm91bmQtaW1hZ2UlM0F1cmwlMjhodHRwcyUzQSUyRiUyRm5vdmVsbHJvYWQub3JnJTJGd3AtY29udGVudCUyRnVwbG9hZHMlMkYyMDIxJTJGMDQlMkZmZW1hbGUtY2VvLWNvbmdyYXR1bGF0aW5nLXBhcnRuZXItd2l0aC1nb29kLWRlYWwuanBnJTI5JTNCYWxpZ24taXRlbXMlM0ElMjBjZW50ZXIlM0JkaXNwbGF5JTNBJTIwZmxleCUzQiUyRiUyQSUyMSUyMHRleHQtYWxpZ24lM0ElMjBjZW50ZXIlM0IlMjAlMkElMkZqdXN0aWZ5LWNvbnRlbnQlM0ElMjBjZW50ZXIlM0IlMjIlM0UlM0NhJTIwaWQlM0QlMjJidG4tdmlkZW8lMjIlMjBkYXRhLXRvZ2dsZSUzRCUyMm1vZGFsJTIyJTIwZGF0YS10YXJnZXQlM0QlMjIlMjNteU1vZGFsJTIyJTNFJTNDc3ZnJTIwdmVyc2lvbiUzRCUyMjEuMSUyMiUyMGlkJTNEJTIycGxheSUyMiUyMHhtbG5zJTNEJTIyaHR0cCUzQSUyRiUyRnd3dy53My5vcmclMkYyMDAwJTJGc3ZnJTIyJTIweG1sbnMlM0F4bGluayUzRCUyMmh0dHAlM0ElMkYlMkZ3d3cudzMub3JnJTJGMTk5OSUyRnhsaW5rJTIyJTIweCUzRCUyMjBweCUyMiUyMHklM0QlMjIwcHglMjIlMjBoZWlnaHQlM0QlMjIxMDBweCUyMiUyMHdpZHRoJTNEJTIyMTAwcHglMjIlMEElMDklMjB2aWV3Qm94JTNEJTIyMCUyMDAlMjAxMDAlMjAxMDAlMjIlMjBlbmFibGUtYmFja2dyb3VuZCUzRCUyMm5ldyUyMDAlMjAwJTIwMTAwJTIwMTAwJTIyJTIweG1sJTNBc3BhY2UlM0QlMjJwcmVzZXJ2ZSUyMiUyMHN0eWxlJTNEJTIyYmFja2dyb3VuZCUzQSUyMHdoaXRlJTNCYm9yZGVyLXJhZGl1cyUzQSUyMDEwMHB4JTNCcGFkZGluZyUzQSUyMDhweCUzQiUyMiUzRSUwQSUyMCUyMCUzQ3BhdGglMjBjbGFzcyUzRCUyMnN0cm9rZS1zb2xpZCUyMiUyMGZpbGwlM0QlMjJub25lJTIyJTIwc3Ryb2tlJTNEJTIyJTIzRjg5NDA2JTIyJTIwJTIwZCUzRCUyMk00OS45JTJDMi41QzIzLjYlMkMyLjglMkMyLjElMkMyNC40JTJDMi41JTJDNTAuNEMyLjklMkM3Ni41JTJDMjQuNyUyQzk4JTJDNTAuMyUyQzk3LjVjMjYuNC0wLjYlMkM0Ny40LTIxLjglMkM0Ny4yLTQ3LjclMEElMjAlMjAlMjAlMjBDOTcuMyUyQzIzLjclMkM3NS43JTJDMi4zJTJDNDkuOSUyQzIuNSUyMiUyRiUzRSUwQSUyMCUyMCUzQ3BhdGglMjBjbGFzcyUzRCUyMmljb24lMjIlMjBmaWxsJTNEJTIyJTIzRjg5NDA2JTIyJTIwZCUzRCUyMk0zOCUyQzY5Yy0xJTJDMC41LTEuOCUyQzAtMS44LTEuMVYzMi4xYzAtMS4xJTJDMC44LTEuNiUyQzEuOC0xLjFsMzQlMkMxOGMxJTJDMC41JTJDMSUyQzEuNCUyQzAlMkMxLjlMMzglMkM2OXolMjIlMkYlM0UlMEElM0MlMkZzdmclM0UlM0MlMkZhJTNFJTNDJTIxLS0lM0NpZnJhbWUlMjBpZCUzRCUyMnBsYXllciUyMiUyMGFsbG93ZnVsbHNjcmVlbiUzRCUyMjElMjIlMjBhbGxvdyUzRCUyMmFjY2VsZXJvbWV0ZXIlM0IlMjBhdXRvcGxheSUzQiUyMGNsaXBib2FyZC13cml0ZSUzQiUyMGVuY3J5cHRlZC1tZWRpYSUzQiUyMGd5cm9zY29wZSUzQiUyMHBpY3R1cmUtaW4tcGljdHVyZSUyMiUyMHRpdGxlJTNEJTIyWW91VHViZSUyMHZpZGVvJTIwcGxheWVyJTIyJTIwc3JjJTNEJTIyaHR0cHMlM0ElMkYlMkZ3d3cueW91dHViZS5jb20lMkZlbWJlZCUyRnlHLVpHY2ZjRng4JTNGYXV0b3BsYXklM0QxJTI2YW1wJTNCY29udHJvbHMlM0QwJTI2YW1wJTNCcmVsJTNEMCUyNmFtcCUzQmZzJTNEMCUyNmFtcCUzQm11dGUlM0QxJTI2YW1wJTNCc2hvd2luZm8lM0QwJTI2YW1wJTNCbG9vcCUzRDElMjZhbXAlM0JwbGF5bGlzdCUzRHlHLVpHY2ZjRng4JTI2YW1wJTNCcGxheXNpbmxpbmUlM0QwJTI2YW1wJTNCZGlzYWJsZWtiJTNEMCUyNmFtcCUzQm1vZGVzdGJyYW5kaW5nJTNEMCUyNmFtcCUzQmVuYWJsZWpzYXBpJTNEMSUyNmFtcCUzQm9yaWdpbiUzRGh0dHBzJTI1M0ElMjUyRiUyNTJGc3RnLm5vdmVsbHJvYWQub3JnJTI2YW1wJTNCd2lkZ2V0aWQlM0QxJTIyJTIwd2lkdGglM0QlMjIxMDAlMjUlMjIlMjBoZWlnaHQlM0QlMjIxMDAlMjUlMjIlMjBmcmFtZWJvcmRlciUzRCUyMjAlMjIlM0UlM0MlMkZpZnJhbWUlM0UtLSUzRSUwQSUzQ3ZpZGVvJTIwYXV0b3BsYXklMjBtdXRlZCUyMGxvb3AlMjBpZCUzRCUyMm15VmlkZW8lMjIlMjB3aWR0aCUzRCUyMjc1JTI1JTIyJTIwaGVpZ2h0JTNEJTIyNzUlMjUlMjIlM0UlMEElMjAlMjAlM0Nzb3VyY2UlMjBzcmMlM0QlMjJodHRwcyUzQSUyRiUyRm5vdmVsbHJvYWQub3JnJTJGd3AtY29udGVudCUyRnVwbG9hZHMlMkYyMDIxJTJGMDQlMkZXaGF0c0FwcCUyMFZpZGVvJTIwMjAyMS0wNC0yMyUyMGF0JTIwNi4wMy4yOCUyMFBNLm1wNCUyMiUyMHR5cGUlM0QlMjJ2aWRlbyUyRm1wNCUyMiUzRSUwQSUzQyUyRnZpZGVvJTNFJTNDJTJGZGl2JTNFJTBBJTA5JTNDJTJGZGl2JTNFJTBBJTA5JTNDZGl2JTIwY2xhc3MlM0QlMjJjZC1oYWxmLWJsb2NrJTIyJTIwc3R5bGUlM0QlMjJ0cmFuc2Zvcm0lM0ElMjB0cmFuc2xhdGVYJTI4MHB4JTI5JTNCJTIwYm94LXNoYWRvdyUzQSUyMHJnYmElMjgwJTJDJTIwMCUyQyUyMDAlMkMlMjAwJTI5JTIwMHB4JTIwMHB4JTIwNDBweCUzQiUyMiUzRSUwQSUwOSUwOSUzQ2RpdiUyMGNsYXNzJTNEJTIyYmxvY2stdGV4dCUyMiUzRSUwQSUwOSUwOSUwOSUzQ2gyJTNFQ29uJUMzJUIzY2Vub3MlM0NiJTNFLiUzQyUyRmIlM0UlM0MlMkZoMiUzRSUwOSUwOSUwOSUzQ3AlM0UlM0MlMkZwJTNFJTBBJTNDaDYlM0VDb21vJTIwZGlyZWN0b3IlMjBjb25jZW50cm8lMjBtaSUyMGNhcGFjaWRhZCUyMHQlQzMlQTljbmljYSUyQyUyMG1pJTIwaW5nZW5pbyUyQyUyMG1pcyUyMGhhYmlsaWRhZGVzJTIwZ2VyZW5jaWFsZXMlMjB5JTIwYWRtaW5pc3RyYXRpdmFzJTIwcGFyYSUyMGd1aWFybGFzJTIwY29uJTIwbWklMjBwYXNpJUMzJUIzbiUyMHBvciUyMHJlc29sdmVyJTIwbmVjZXNpZGFkZXMlMjB5JTIwZGFyJTIwc29sdWNpJUMzJUIzbiUyMGVmZWN0aXZhJTIwYSUyMGxvcyUyMHJldG9zJTIwYWN0dWFsZXMlMjBlbiUyMGxhJTIwcHJlc3RhY2klQzMlQjNuJTIwZGUlMjBzZXJ2aWNpb3MlMjByZWxhY2lvbmFkb3MlMjBjb24lMjBsYSUyMG9icmElMjBwJUMzJUJBYmxpY2ElMkMlMjBsYSUyMGNvbnN1bHRvciVDMyVBRGElMkMlMjBlbCUyMHByb3llY3RvJTIwZGUlMjBpbmdlbmllciVDMyVBRGElMjB5JTIwbGElMjBjb25zdHJ1Y2NpJUMzJUIzbiUyMGRlJTIwb2JyYSUyMGNpdmlsJTIwcGFyYSUyMGxvcyUyMHNlY3RvcmVzJTIwcCVDMyVCQWJsaWNvJTIweSUyMHByaXZhZG8uJTNDJTJGaDYlM0UlMEElM0NwJTNFJTNDJTJGcCUzRSUwOSUwOSUwOSUzQ2ElMjBocmVmJTNEJTIyaHR0cHMlM0ElMkYlMkZ3d3cubm92ZWxscm9hZC5vcmclMkZpbmRleC5waHAlMkZjb25vY2Vub3MlMkYlMjIlMjBjbGFzcyUzRCUyMmJ0biUyMGFuaW1zaXRpb24tbGluayUyMiUzRUNvbm9jZSUyMG0lQzMlQTFzJTIwc29icmUlMjBub3NvdHJvcyUzQyUyRmElM0UlMDklMDklM0MlMkZkaXYlM0UlMEElMDklM0MlMkZkaXYlM0UlMEElMEElM0MlMkZkaXYlM0UlM0MlMkZkaXYlM0UlM0MlMkZkaXYlM0UlM0MlMkZkaXYlM0UlM0MlMkZkaXYlM0UlMEE=[\/vc_raw_html][\/vc_column][\/vc_row][vc_row disable_element=&#8221;yes&#8221; extra_id=&#8221;scroll-link&#8221; door=&#8221;no&#8221;][vc_column]\t\n\t<div class=\"cd-half-block\">\n\t\t<div class=\"bg-block\" style=\"background-image:url(https:\/\/www.novellroad.org\/wp-content\/uploads\/2020\/06\/Noso.jpg);\"><\/div>\n\t<\/div>\n\t<div class=\"cd-half-block\">\n\t\t<div class=\"block-text\">\n\t\t\t<h2>Con\u00f3cenos<b>.<\/b><\/h2>\t\t\t<p><\/p>\n<h6>Como director concentro mi capacidad t\u00e9cnica, mi ingenio, mis habilidades gerenciales y administrativas para guiarlas con mi pasi\u00f3n por resolver necesidades y dar soluci\u00f3n efectiva a los retos actuales en la prestaci\u00f3n de servicios relacionados con la obra p\u00fablica, la consultor\u00eda, el proyecto de ingenier\u00eda y la construcci\u00f3n de obra civil para los sectores p\u00fablico y privado.<\/h6>\n<p><\/p>\t\t\t<a href=\"http:\/\/www.novellroad.org\/index.php\/conocenos\/\" class=\"btn animsition-link\">Conoce m\u00e1s sobre nosotros<\/a>\t\t<\/div>\n\t<\/div>\n\n[\/vc_column][\/vc_row][vc_row door=&#8221;yes&#8221;][vc_column]\t\n\t<div class=\"cd-half-block\">\n\t\t<div class=\"bg-block\" style=\"background-image:url(https:\/\/www.novellroad.org\/wp-content\/uploads\/2021\/04\/1-1.jpg);\"><\/div>\n\t<\/div>\n\t<div class=\"cd-half-block\">\n\t\t<div class=\"block-text\">\n\t\t\t<h2>Servicios<b>.<\/b><\/h2>\t\t\t<p><\/p>\n<h6>Nosotros realizamos los estudios de campo. A partir de dichos estudios se obtienen datos crudos que se procesan y analizan mediante procedimientos y m\u00e9todos de ingenier\u00eda en gabinete. Con los resultados del an\u00e1lisis se conceptualiza la soluci\u00f3n del problema, posteriormente se dise\u00f1a o dimensiona al detalle, se dibujan los planos, se generan los vol\u00famenes de obra, se presupuesta la obra y se programa, dando as\u00ed origen a un proyecto ejecutivo listo para poder ser ejecutado por un tercero experto en log\u00edstica constructiva.<\/h6>\n<p><\/p>\t\t\t<a href=\"http:\/\/www.novellroad.org\/index.php\/servicios\/\" class=\"btn animsition-link\">M\u00e1s informaci\u00f3n<\/a>\t\t<\/div>\n\t<\/div>\n\n[\/vc_column][\/vc_row][vc_row][vc_column]\t\n\t<div class=\"cd-half-block\">\n\t\t<div class=\"bg-block\" style=\"background-image:url(https:\/\/www.novellroad.org\/wp-content\/uploads\/2021\/01\/persona-pensando.jpg);\"><\/div>\n\t<\/div>\n\t<div class=\"cd-half-block\">\n\t\t<div class=\"block-text\">\n\t\t\t<h2>Consultor\u00eda<b>.<\/b><\/h2>\t\t\t<p><\/p>\n<h6>La <strong>consultor\u00eda<\/strong> es una herramienta social de nuestra empresa para compartir nuestro conocimiento, que tiene como objetivo que el cliente (privado, municipal, estatal o federal) pueda ver con claridad lo que al principio puede parecer complejo.<\/h6>\n<p><\/p>\t\t\t<a href=\"#\" class=\"btn animsition-link\">Leer m\u00e1s noticias<\/a>\t\t<\/div>\n\t<\/div>\n\n[\/vc_column][\/vc_row][vc_row][vc_column]\t\n\t<div class=\"cd-half-block\">\n\t\t<div class=\"bg-block\" style=\"background-image:url(https:\/\/www.novellroad.org\/wp-content\/uploads\/2020\/06\/ESPECIALISTA-DE-GESTION-DE-PROYECTOS.jpg);\"><\/div>\n\t<\/div>\n\t<div class=\"cd-half-block\">\n\t\t<div class=\"block-text\">\n\t\t\t<h2>Cont\u00e1ctanos<b>.<\/b><\/h2>\t\t\t<p><\/p>\n<h6>Nuestra empresa es una compa\u00f1era y una aliada en el proceso de concretar el proyecto solicitado y posteriormente lograr la validaci\u00f3n del \u00f3rgano encargado de revisar, analizar y autorizar la construcci\u00f3n de dicho proyecto.<\/h6>\n<p><\/p>\t\t\t<a href=\"http:\/\/www.novellroad.org\/index.php\/contacto\/\" class=\"btn animsition-link\">Nosotros te ayudamos<\/a>\t\t<\/div>\n\t<\/div>\n\n[\/vc_column][\/vc_row]<\/p>\n","protected":false},"excerpt":{"rendered":"<p>[vc_row door=&#8221;no&#8221;][vc_column][\/vc_column][\/vc_row][vc_row][vc_column][vc_raw_html]JTNDZGl2JTIwY2xhc3MlM0QlMjIlMjIlM0UlM0NkaXYlMjBjbGFzcyUzRCUyMmNkLWJsb2NrJTIyJTIwc3R5bGUlM0QlMjJ0cmFuc2Zvcm0lM0ElMjBzY2FsZSUyODAuOTk3MSUyOSUzQiUyMG9wYWNpdHklM0ElMjAwLjk5MDM0JTNCJTIyJTNFJTNDZGl2JTIwY2xhc3MlM0QlMjJ3cGJfY29sdW1uJTIwdmNfY29sdW1uX2NvbnRhaW5lciUyMHNpeHRlZW4lMjBjb2x1bW5zJTIyJTNFJTNDZGl2JTIwY2xhc3MlM0QlMjIlMjIlM0UlM0NkaXYlMjBjbGFzcyUzRCUyMndwYl93cmFwcGVyJTIwJTIyJTNFJTA5JTBBJTA5JTNDZGl2JTIwY2xhc3MlM0QlMjJjZC1oYWxmLWJsb2NrJTIyJTIwc3R5bGUlM0QlMjJ0cmFuc2Zvcm0lM0ElMjB0cmFuc2xhdGVYJTI4MHB4JTI5JTNCJTIwYm94LXNoYWRvdyUzQSUyMHJnYmElMjgwJTJDJTIwMCUyQyUyMDAlMkMlMjAwJTI5JTIwMHB4JTIwMHB4JTIwNDBweCUzQiUyMiUzRSUwQSUwOSUwOSUzQ2RpdiUyMGNsYXNzJTNEJTIyYmctYmxvY2slMjIlMjBzdHlsZSUzRCUyMmJhY2tncm91bmQtaW1hZ2UlM0F1cmwlMjhodHRwcyUzQSUyRiUyRm5vdmVsbHJvYWQub3JnJTJGd3AtY29udGVudCUyRnVwbG9hZHMlMkYyMDIxJTJGMDQlMkZmZW1hbGUtY2VvLWNvbmdyYXR1bGF0aW5nLXBhcnRuZXItd2l0aC1nb29kLWRlYWwuanBnJTI5JTNCYWxpZ24taXRlbXMlM0ElMjBjZW50ZXIlM0JkaXNwbGF5JTNBJTIwZmxleCUzQiUyRiUyQSUyMSUyMHRleHQtYWxpZ24lM0ElMjBjZW50ZXIlM0IlMjAlMkElMkZqdXN0aWZ5LWNvbnRlbnQlM0ElMjBjZW50ZXIlM0IlMjIlM0UlM0NhJTIwaWQlM0QlMjJidG4tdmlkZW8lMjIlMjBkYXRhLXRvZ2dsZSUzRCUyMm1vZGFsJTIyJTIwZGF0YS10YXJnZXQlM0QlMjIlMjNteU1vZGFsJTIyJTNFJTNDc3ZnJTIwdmVyc2lvbiUzRCUyMjEuMSUyMiUyMGlkJTNEJTIycGxheSUyMiUyMHhtbG5zJTNEJTIyaHR0cCUzQSUyRiUyRnd3dy53My5vcmclMkYyMDAwJTJGc3ZnJTIyJTIweG1sbnMlM0F4bGluayUzRCUyMmh0dHAlM0ElMkYlMkZ3d3cudzMub3JnJTJGMTk5OSUyRnhsaW5rJTIyJTIweCUzRCUyMjBweCUyMiUyMHklM0QlMjIwcHglMjIlMjBoZWlnaHQlM0QlMjIxMDBweCUyMiUyMHdpZHRoJTNEJTIyMTAwcHglMjIlMEElMDklMjB2aWV3Qm94JTNEJTIyMCUyMDAlMjAxMDAlMjAxMDAlMjIlMjBlbmFibGUtYmFja2dyb3VuZCUzRCUyMm5ldyUyMDAlMjAwJTIwMTAwJTIwMTAwJTIyJTIweG1sJTNBc3BhY2UlM0QlMjJwcmVzZXJ2ZSUyMiUyMHN0eWxlJTNEJTIyYmFja2dyb3VuZCUzQSUyMHdoaXRlJTNCYm9yZGVyLXJhZGl1cyUzQSUyMDEwMHB4JTNCcGFkZGluZyUzQSUyMDhweCUzQiUyMiUzRSUwQSUyMCUyMCUzQ3BhdGglMjBjbGFzcyUzRCUyMnN0cm9rZS1zb2xpZCUyMiUyMGZpbGwlM0QlMjJub25lJTIyJTIwc3Ryb2tlJTNEJTIyJTIzRjg5NDA2JTIyJTIwJTIwZCUzRCUyMk00OS45JTJDMi41QzIzLjYlMkMyLjglMkMyLjElMkMyNC40JTJDMi41JTJDNTAuNEMyLjklMkM3Ni41JTJDMjQuNyUyQzk4JTJDNTAuMyUyQzk3LjVjMjYuNC0wLjYlMkM0Ny40LTIxLjglMkM0Ny4yLTQ3LjclMEElMjAlMjAlMjAlMjBDOTcuMyUyQzIzLjclMkM3NS43JTJDMi4zJTJDNDkuOSUyQzIuNSUyMiUyRiUzRSUwQSUyMCUyMCUzQ3BhdGglMjBjbGFzcyUzRCUyMmljb24lMjIlMjBmaWxsJTNEJTIyJTIzRjg5NDA2JTIyJTIwZCUzRCUyMk0zOCUyQzY5Yy0xJTJDMC41LTEuOCUyQzAtMS44LTEuMVYzMi4xYzAtMS4xJTJDMC44LTEuNiUyQzEuOC0xLjFsMzQlMkMxOGMxJTJDMC41JTJDMSUyQzEuNCUyQzAlMkMxLjlMMzglMkM2OXolMjIlMkYlM0UlMEElM0MlMkZzdmclM0UlM0MlMkZhJTNFJTNDJTIxLS0lM0NpZnJhbWUlMjBpZCUzRCUyMnBsYXllciUyMiUyMGFsbG93ZnVsbHNjcmVlbiUzRCUyMjElMjIlMjBhbGxvdyUzRCUyMmFjY2VsZXJvbWV0ZXIlM0IlMjBhdXRvcGxheSUzQiUyMGNsaXBib2FyZC13cml0ZSUzQiUyMGVuY3J5cHRlZC1tZWRpYSUzQiUyMGd5cm9zY29wZSUzQiUyMHBpY3R1cmUtaW4tcGljdHVyZSUyMiUyMHRpdGxlJTNEJTIyWW91VHViZSUyMHZpZGVvJTIwcGxheWVyJTIyJTIwc3JjJTNEJTIyaHR0cHMlM0ElMkYlMkZ3d3cueW91dHViZS5jb20lMkZlbWJlZCUyRnlHLVpHY2ZjRng4JTNGYXV0b3BsYXklM0QxJTI2YW1wJTNCY29udHJvbHMlM0QwJTI2YW1wJTNCcmVsJTNEMCUyNmFtcCUzQmZzJTNEMCUyNmFtcCUzQm11dGUlM0QxJTI2YW1wJTNCc2hvd2luZm8lM0QwJTI2YW1wJTNCbG9vcCUzRDElMjZhbXAlM0JwbGF5bGlzdCUzRHlHLVpHY2ZjRng4JTI2YW1wJTNCcGxheXNpbmxpbmUlM0QwJTI2YW1wJTNCZGlzYWJsZWtiJTNEMCUyNmFtcCUzQm1vZGVzdGJyYW5kaW5nJTNEMCUyNmFtcCUzQmVuYWJsZWpzYXBpJTNEMSUyNmFtcCUzQm9yaWdpbiUzRGh0dHBzJTI1M0ElMjUyRiUyNTJGc3RnLm5vdmVsbHJvYWQub3JnJTI2YW1wJTNCd2lkZ2V0aWQlM0QxJTIyJTIwd2lkdGglM0QlMjIxMDAlMjUlMjIlMjBoZWlnaHQlM0QlMjIxMDAlMjUlMjIlMjBmcmFtZWJvcmRlciUzRCUyMjAlMjIlM0UlM0MlMkZpZnJhbWUlM0UtLSUzRSUwQSUzQ3ZpZGVvJTIwYXV0b3BsYXklMjBtdXRlZCUyMGxvb3AlMjBpZCUzRCUyMm15VmlkZW8lMjIlMjB3aWR0aCUzRCUyMjc1JTI1JTIyJTIwaGVpZ2h0JTNEJTIyNzUlMjUlMjIlM0UlMEElMjAlMjAlM0Nzb3VyY2UlMjBzcmMlM0QlMjJodHRwcyUzQSUyRiUyRm5vdmVsbHJvYWQub3JnJTJGd3AtY29udGVudCUyRnVwbG9hZHMlMkYyMDIxJTJGMDQlMkZXaGF0c0FwcCUyMFZpZGVvJTIwMjAyMS0wNC0yMyUyMGF0JTIwNi4wMy4yOCUyMFBNLm1wNCUyMiUyMHR5cGUlM0QlMjJ2aWRlbyUyRm1wNCUyMiUzRSUwQSUzQyUyRnZpZGVvJTNFJTNDJTJGZGl2JTNFJTBBJTA5JTNDJTJGZGl2JTNFJTBBJTA5JTNDZGl2JTIwY2xhc3MlM0QlMjJjZC1oYWxmLWJsb2NrJTIyJTIwc3R5bGUlM0QlMjJ0cmFuc2Zvcm0lM0ElMjB0cmFuc2xhdGVYJTI4MHB4JTI5JTNCJTIwYm94LXNoYWRvdyUzQSUyMHJnYmElMjgwJTJDJTIwMCUyQyUyMDAlMkMlMjAwJTI5JTIwMHB4JTIwMHB4JTIwNDBweCUzQiUyMiUzRSUwQSUwOSUwOSUzQ2RpdiUyMGNsYXNzJTNEJTIyYmxvY2stdGV4dCUyMiUzRSUwQSUwOSUwOSUwOSUzQ2gyJTNFQ29uJUMzJUIzY2Vub3MlM0NiJTNFLiUzQyUyRmIlM0UlM0MlMkZoMiUzRSUwOSUwOSUwOSUzQ3AlM0UlM0MlMkZwJTNFJTBBJTNDaDYlM0VDb21vJTIwZGlyZWN0b3IlMjBjb25jZW50cm8lMjBtaSUyMGNhcGFjaWRhZCUyMHQlQzMlQTljbmljYSUyQyUyMG1pJTIwaW5nZW5pbyUyQyUyMG1pcyUyMGhhYmlsaWRhZGVzJTIwZ2VyZW5jaWFsZXMlMjB5JTIwYWRtaW5pc3RyYXRpdmFzJTIwcGFyYSUyMGd1aWFybGFzJTIwY29uJTIwbWklMjBwYXNpJUMzJUIzbiUyMHBvciUyMHJlc29sdmVyJTIwbmVjZXNpZGFkZXMlMjB5JTIwZGFyJTIwc29sdWNpJUMzJUIzbiUyMGVmZWN0aXZhJTIwYSUyMGxvcyUyMHJldG9zJTIwYWN0dWFsZXMlMjBlbiUyMGxhJTIwcHJlc3RhY2klQzMlQjNuJTIwZGUlMjBzZXJ2aWNpb3MlMjByZWxhY2lvbmFkb3MlMjBjb24lMjBsYSUyMG9icmElMjBwJUMzJUJBYmxpY2ElMkMlMjBsYSUyMGNvbnN1bHRvciVDMyVBRGElMkMlMjBlbCUyMHByb3llY3RvJTIwZGUlMjBpbmdlbmllciVDMyVBRGElMjB5JTIwbGElMjBjb25zdHJ1Y2NpJUMzJUIzbiUyMGRlJTIwb2JyYSUyMGNpdmlsJTIwcGFyYSUyMGxvcyUyMHNlY3RvcmVzJTIwcCVDMyVCQWJsaWNvJTIweSUyMHByaXZhZG8uJTNDJTJGaDYlM0UlMEElM0NwJTNFJTNDJTJGcCUzRSUwOSUwOSUwOSUzQ2ElMjBocmVmJTNEJTIyaHR0cHMlM0ElMkYlMkZ3d3cubm92ZWxscm9hZC5vcmclMkZpbmRleC5waHAlMkZjb25vY2Vub3MlMkYlMjIlMjBjbGFzcyUzRCUyMmJ0biUyMGFuaW1zaXRpb24tbGluayUyMiUzRUNvbm9jZSUyMG0lQzMlQTFzJTIwc29icmUlMjBub3NvdHJvcyUzQyUyRmElM0UlMDklMDklM0MlMkZkaXYlM0UlMEElMDklM0MlMkZkaXYlM0UlMEElMEElM0MlMkZkaXYlM0UlM0MlMkZkaXYlM0UlM0MlMkZkaXYlM0UlM0MlMkZkaXYlM0UlM0MlMkZkaXYlM0UlMEE=[\/vc_raw_html][\/vc_column][\/vc_row][vc_row disable_element=&#8221;yes&#8221; extra_id=&#8221;scroll-link&#8221; door=&#8221;no&#8221;][vc_column][\/vc_column][\/vc_row][vc_row door=&#8221;yes&#8221;][vc_column][\/vc_column][\/vc_row][vc_row][vc_column][\/vc_column][\/vc_row][vc_row][vc_column][\/vc_column][\/vc_row]<\/p>\n","protected":false},"author":1,"featured_media":0,"parent":0,"menu_order":0,"comment_status":"open","ping_status":"open","template":"page-templates\/template-canvas.php","meta":[],"_links":{"self":[{"href":"https:\/\/www.novellroad.org\/index.php\/wp-json\/wp\/v2\/pages\/628"}],"collection":[{"href":"https:\/\/www.novellroad.org\/index.php\/wp-json\/wp\/v2\/pages"}],"about":[{"href":"https:\/\/www.novellroad.org\/index.php\/wp-json\/wp\/v2\/types\/page"}],"author":[{"embeddable":true,"href":"https:\/\/www.novellroad.org\/index.php\/wp-json\/wp\/v2\/users\/1"}],"replies":[{"embeddable":true,"href":"https:\/\/www.novellroad.org\/index.php\/wp-json\/wp\/v2\/comments?post=628"}],"version-history":[{"count":48,"href":"https:\/\/www.novellroad.org\/index.php\/wp-json\/wp\/v2\/pages\/628\/revisions"}],"predecessor-version":[{"id":1863,"href":"https:\/\/www.novellroad.org\/index.php\/wp-json\/wp\/v2\/pages\/628\/revisions\/1863"}],"wp:attachment":[{"href":"https:\/\/www.novellroad.org\/index.php\/wp-json\/wp\/v2\/media?parent=628"}],"curies":[{"name":"wp","href":"https:\/\/api.w.org\/{rel}","templated":true}]}}